prime factors of 3251.
3251
What are the prime factors of 5065?
5, 1013
What are the prime factors of 1131?
3, 13, 29
List the prime factors of 1155.
3, 5, 7, 11
What are the prime factors of 266?
2, 7, 19
What are the prime factors of 292?
2, 73
What are the prime factors of 1760?
2, 5, 11
What are the prime factors of 14177?
14177
List the prime factors of 3940.
2, 5, 197
What are the prime factors of 1602?
2, 3, 89
List the prime factors of 4226.
2, 2113
List the prime factors of 1588.
2, 397
List the prime factors of 79.
79
List the prime factors of 13569.
3, 4523
What are the prime factors of 264?
2, 3, 11
List the prime factors of 4252.
2, 1063
What are the prime factors of 33818?
2, 37, 457
List the prime factors of 5340.
2, 3, 5, 89
List the prime factors of 2465.
5, 17, 29
What are the prime factors of 33604?
2, 31, 271
What are the prime factors of 12000?
2, 3, 5
What are the prime factors of 741?
3, 13, 19
List the prime factors of 21735.
3, 5, 7, 23
List the prime factors of 544.
2, 17
What are the prime factors of 2431?
11, 13, 17
What are the prime factors of 2012?
2, 503
List the prime factors of 1811.
1811
What are the prime factors of 807?
3, 269
List the prime factors of 84559.
84559
What are the prime factors of 8968?
2, 19, 59
What are the prime factors of 228?
2, 3, 19
What are the prime factors of 1801?
1801
What are the prime factors of 642?
2, 3, 107
List the prime factors of 29645.
5, 7, 11
What are the prime factors of 4877?
4877
List the prime factors of 2093.
7, 13, 23
What are the prime factors of 15344?
2, 7, 137
List the prime factors of 3761.
3761
What are the prime factors of 72906?
2, 3, 29, 419
What are the prime factors of 759?
3, 11, 23
List the prime factors of 72463.
233, 311
What are the prime factors of 881?
881
List the prime factors of 1483.
1483
List the prime factors of 722.
2, 19
What are the prime factors of 5331?
3, 1777
List the prime factors of 16873.
47, 359
List the prime factors of 1687.
7, 241
List the prime factors of 2479.
37, 67
List the prime factors of 5822.
2, 41, 71
What are the prime factors of 35661?
3, 11887
What are the prime factors of 2104?
2, 263
What are the prime factors of 2798?
2, 1399
List the prime factors of 17.
17
What are the prime factors of 84107?
151, 557
List the prime factors of 32674.
2, 17, 31
What are the prime factors of 4338?
2, 3, 241
List the prime factors of 3906.
2, 3, 7, 31
What are the prime factors of 9652?
2, 19, 127
What are the prime factors of 27510?
2, 3, 5, 7, 131
List the prime factors of 3454.
2, 11, 157
What are the prime factors of 335?
5, 67
What are the prime factors of 11840?
2, 5, 37
What are the prime factors of 85193?
85193
What are the prime factors of 1082?
2, 541
What are the prime factors of 63600?
2, 3, 5, 53
List the prime factors of 2334.
2, 3, 389
What are the prime factors of 2340?
2, 3, 5, 13
What are the prime factors of 114096?
2, 3, 2377
List the prime factors of 5682.
2, 3, 947
What are the prime factors of 11696?
2, 17, 43
What are the prime factors of 12165?
3, 5, 811
List the prime factors of 3717.
3, 7, 59
List the prime factors of 949.
13, 73
What are the prime factors of 9820?
2, 5, 491
What are the prime factors of 11?
11
What are the prime factors of 18361?
7, 43, 61
What are the prime factors of 7784?
2, 7, 139
What are the prime factors of 420?
2, 3, 5, 7
List the prime factors of 87959.
87959
List the prime factors of 15484.
2, 7, 79
List the prime factors of 8650.
2, 5, 173
What are the prime factors of 9570?
2, 3, 5, 11, 29
List the prime factors of 62752.
2, 37, 53
List the prime factors of 52509.
3, 23, 761
What are the prime factors of 181313?
11, 53, 311
What are the prime factors of 336?
2, 3, 7
What are the prime factors of 831?
3, 277
What are the prime factors of 98389?
98389
List the prime factors of 1571.
1571
What are the prime factors of 34110?
2, 3, 5, 379
List the prime factors of 1367.
1367
List the prime factors of 1730.
2, 5, 173
What are the prime factors of 31390?
2, 5, 43, 73
What are the prime factors of 1038?
2, 3, 173
What are the prime factors of 807?
3, 269
What are the prime factors of 160290?
2, 3, 5, 13, 137
What are the prime factors of 71855?
5, 7, 2053
What are the prime factors of 40029?
3, 11, 1213
What are the prime factors of 5130?
2, 3, 5, 19
What are the prime factors of 21135?
3, 5, 1409
List the prime factors of 769.
769
List the prime factors of 73.
73
What are the prime factors of 15232?
2, 7, 17
What are the prime factors of 1393?
7, 199
List the prime factors of 184808.
2, 13, 1777
What are the prime factors of 19981?
13, 29, 53
What are the prime factors of 2601?
3, 17
What are the prime factors of 4169?
11, 379
What are the prime factors of 11191?
19, 31
What are the prime factors of 216?
2, 3
List the prime factors of 31608.
2, 3, 439
List the prime factors of 532.
2, 7, 19
What are the prime factors of 9112?
2, 17, 67
What are the prime factors of 104?
2, 13
What are the prime factors of 6379?
6379
List the prime factors of 37945.
5, 7589
List the prime factors of 455.
5, 7, 13
What are the prime factors of 71844?
2, 3, 5987
What are the prime factors of 592?
2, 37
List the prime factors of 3483.
3, 43
What are the prime factors of 704?
2, 11
What are the prime factors of 49133?
7, 7019
List the prime factors of 3432.
2, 3, 11, 13
What are the prime factors of 52070?
2, 5, 41, 127
List the prime factors of 16708.
2, 4177
What are the prime factors of 56756?
2, 7, 2027
What are the prime factors of 3762?
2, 3, 11, 19
List the prime factors of 2187.
3
What are the prime factors of 5896?
2, 11, 67
List the prime factors of 29146.
2, 13, 19, 59
What are the prime factors of 40791?
3, 13597
What are the prime factors of 936?
2, 3, 13
What are the prime factors of 8506?
2, 4253
List the prime factors of 4263.
3, 7, 29
What are the prime factors of 1345?
5, 269
List the prime factors of 3198.
2, 3, 13, 41
List the prime factors of 23868.
2, 3, 13, 17
What are the prime factors of 3448?
2, 431
What are the prime factors of 3151?
23, 137
List the prime factors of 47750.
2, 5, 191
What are the prime factors of 743?
743
What are the prime factors of 1093?
1093
What are the prime factors of 3837?
3, 1279
List the prime factors of 13884.
2, 3, 13, 89
List the prime factors of 1347.
3, 449
List the prime factors of 2208.
2, 3, 23
List the prime factors of 1027.
13, 79
List the prime factors of 24631.
24631
List the prime factors of 6831.
3, 11, 23
List the prime factors of 11408.
2, 23, 31
What are the prime factors of 807?
3, 269
List the prime factors of 64.
2
What are the prime factors of 34081?
173, 197
List the prime factors of 57016.
2, 7127
List the prime factors of 994.
2, 7, 71
List the prime factors of 26112.
2, 3, 17
What are the prime factors of 24879?
3, 8293
What are the prime factors of 4065?
3, 5, 271
List the prime factors of 71614.
2, 61, 587
List the prime factors of 63205.
5, 12641
What are the prime factors of 27943?
27943
What are the prime factors of 1623?
3, 541
What are the prime factors of 2923?
37, 79
What are the prime factors of 1236?
2, 3, 103
What are the prime factors of 345?
3, 5, 23
List the prime factors of 41643.
3, 7, 661
What are the prime factors of 2676?
2, 3, 223
What are the prime factors of 3905?
5, 11, 71
List the prime factors of 23273.
17, 37
List the prime factors of 20924.
2, 5231
List the prime factors of 123532.
2, 89, 347
What are the prime factors of 2814?
2, 3, 7, 67
List the prime factors of 4389.
3, 7, 11, 19
What are the prime factors of 847?
7, 11
List the prime factors of 16132.
2, 37, 109
List the prime factors of 412.
2, 103
What are the prime factors of 189989?
189989
What are the prime factors of 452?
2, 113
What are the prime factors of 50735?
5, 73, 139
List the prime factors of 3379.
31, 109
List the prime factors of 1597.
1597
What are the prime factors of 8186?
2, 4093
List the prime factors of 2350.
2, 5, 47
What are the prime factors of 12918?
2, 3, 2153
What are the prime factors of 222?
2, 3, 37
List the prime factors of 792.
2, 3, 11
List the prime factors of 30563.
13, 2351
List the prime factors of 95393.
95393
What are the prime factors of 903?
3, 7, 43
What are the prime factors of 12727?
11, 13, 